ainder when 335 is divided by k?
29
Let w = 582 - 1173. Let t = -573 - w. Calculate the remainder when 95 is divided by t.
5
Let q(h) = 12*h + 3*h**2 - 7*h - 2*h**2 - 4*h + 4. What is the remainder when q(11) is divided by 25?
11
Let d(p) = -p**3 - 15*p**2 - 28*p - 20. Let s be d(-13). Suppose 2*a = s*a - 52. Calculate the remainder when a is divided by 4.
1
Let g(k) = -k + 55. Let c be 76/8 + (-1)/(-2). Suppose 2*q - 6 = 2*f + 22, -2*q = 3*f - 18. Calculate the remainder when g(c) is divided by q.
9
Let l = 14 + -15. Suppose 4*w + 2*q = 134, 3*w = 2*q + 91 + 27. What is the remainder when (l - -2)*0 - -68 is divided by w?
32
Suppose 6*j + 53 = 383. What is the remainder when ((-1221)/j + 16)/((-2)/50) is divided by 12?
11
Let p = 972 - 953. Suppose -5*g + p*g = 42. What is the remainder when 40 is divided by g?
1
Suppose -95 = 2*s + 73. Let w(q) = 2*q**2 - 4*q - 5. What is the remainder when 214/3 - (-28)/s is divided by w(5)?
21
Let a(j) = -6*j**3 + 2*j**2 - 3. Suppose -8*g = -5*g + 4*p + 14, -2 = p. Calculate the remainder when 209 is divided by a(g).
50
Suppose 0 = -21*h + 3*h. Suppose -19*z + 22*z - 12 = h. Suppose 2*s - 10 = 2. What is the remainder when s is divided by z?
2
Let k(m) = -m**3 - 14*m**2 + 31*m - 18. Let v be k(-16). Let p(z) = -15 + 6 - 54*z - 45*z. What is the remainder when p(v) is divided by 38?
37
Let s = -6166 + 7351. Calculate the remainder when s is divided by 70.
65
Let r = 13259 - 12741. What is the remainder when 1063 is divided by r?
27
Let k(v) = -v**3 + 7*v**2 - 4*v + 3. Let j(a) = 13*a + 2 - 6 + 2 + 4*a**2 + 14*a**3 - 15*a**3. Calculate the remainder when k(6) is divided by j(6).
3
Let s(w) = 2*w - 12. Suppose f + 16 = -f. Let r = 17 + f. Calculate the remainder when r is divided by s(7).
1
Calculate the remainder when 1506168/324 + 1/3 + 10 is divided by 21.
18
Let q(b) be the second derivative of b**5/20 - b**4 + 3*b**3/2 + 19*b**2 - 40*b. Calculate the remainder when 6*74/12*3 is divided by q(11).
15
Let n = 192 + 501. Calculate the remainder when 2/(-7) - (-32769)/n is divided by 18.
11
Suppose -318*b = -322*b + 116. Suppose 5*j - 4*j = 0. Calculate the remainder when 2 + 3 + (j - -79) is divided by b.
26
Let n be ((-1)/(-4))/(6*(-5)/(-360)). Suppose 4*i + n*u - 1412 = -115, -2*i + 666 = -2*u. Calculate the remainder when i is divided by 47.
46
Let q(u) = 13*u**3 + 2*u**2 - 10*u - 6. Calculate the remainder when q(3) is divided by 39.
21
Let o = -828 - -868. Suppose 0 = -5*k + 2*x - 5*x + 94, 3*k = 4*x + 68. What is the remainder when o is divided by k?
0
Let u(w) = -17*w + 1. Let k be u(1). What is the remainder when 6*-2*188/k is divided by 24?
21
Let r = 733 + -1039. Let a = -223 - r. What is the remainder when a is divided by 21?
20
Suppose -2*g = 2*f - 2497 + 603, -f + 963 = 3*g. What is the remainder when f is divided by 235?
234
Let f(b) = -b**2 + 10*b - 4. Let d be f(11). Calculate the remainder when d*(-1 - -1 - (-860)/(-100)) is divided by 22.
19
Suppose 7*s - 15*s = 32. Calculate the remainder when s + 30 + 6 + 3 is divided by 18.
17
Suppose 0 = -9*v + 35 + 10. Suppose 0 = -4*t - v*u + 19, -3*t - 8 = 3*u - 26. Calculate the remainder when 109 is divided by t.
10
Let s = -1204 + 1230. What is the remainder when 3951 is divided by s?
25
Let q(y) = y**3 + 75*y**2 - 151*y + 256. Calculate the remainder when q(-77) is divided by 14.
11
Let j be ((-14456)/78)/(2/3). Let g = j - -287. Calculate the remainder when 59 is divided by g.
5
Let g = 3965 - 3535. What is the remainder when g is divided by 73?
65
Let p(c) = -c**2 + 40*c - 38. Calculate the remainder when p(4) is divided by 43.
20
Suppose 10*m + 35 = 17*m. Let j(r) = r**2 - 27*r + 126. What is the remainder when 188 is divided by j(m)?
12
Suppose -16 = -y - 2*x, x = 5*y - 2*y - 83. Let z be (49357/(-14))/(-11)*6. Calculate the remainder when 6/(-27)*1 + z/27 is divided by y.
19
Let t(h) = -h**3 - 43*h**2 - 80*h + 94. Let u be t(-41). Suppose -u*d = -3188 + 1016. What is the remainder when d is divided by 37?
33
Let u = 48 - 38. What is the remainder when (u/(-2))/((-4)/52) is divided by 34?
31
Suppose -13*a + 234 = 5*a. Suppose -k = 2*r - a, -5*r - 17 - 61 = -4*k. Calculate the remainder when 47 is divided by k.
13
Suppose -2*z - 15656 = -3884. Calculate the remainder when 99 is divided by (-3)/(-4) - z/216.
15
Suppose -30*w + 3793 = -7252 - 235. Calculate the remainder when w is divided by 125.
1
Suppose -60*g - 89*g + 1520 = 3*g. Calculate the remainder when (-4 - -40) + (-1)/(-1) is divided by g.
7
Suppose -3*s + 193 + 83 = 0. Let t = 92 - s. Suppose 10*l - 81 - 79 = t. What is the remainder when 93 is divided by l?
13
Let q(r) = r**2 + 8*r - 4. Let d be q(-14). Let l = 83 - d. Suppose -4*g = l*x - 293, -x - 75 - 84 = -2*g. What is the remainder when g is divided by 5?
2
Let i(j) = -7 - 9*j + 6*j + 3*j + j**3 - 14*j**2 + j. What is the remainder when 60 is divided by i(14)?
4
Let h(f) = -f**3 - 4*f**2 + 4*f + 7. Suppose 0 = 10*o - 581 - 849. Calculate the remainder when o is divided by h(-5).
11
Let b(m) = -2*m**2 - 54*m + 58. Let v be b(-28). What is the remainder when 196 is divided by v*((-50)/(-4))/((-5)/(-10))?
46
Suppose 4*f - 20562 = -2*q, 4*f - 21067 = -5*q - 520. What is the remainder when f is divided by 31?
28
Let g be (2 - (-2 + -91))*(-2)/5. Let c = g + 25. Calculate the remainder when 155 is divided by (-3)/(4 - (265/c)/(-5)).
38
Let f = -34 + 52. Suppose -720 = -8*x + 14*x. Let s = x - -154. Calculate the remainder when s is divided by f.
16
Let l(w) = 26*w**2 + 292*w + 143. Let t = 3 - 11. Calculate the remainder when l(-11) is divided by (-158)/t + (-2)/(-8).
17
Let m = -1834 - -1854. Let f(i) = i**3 + i**2 + 2. What is the remainder when m is divided by f(0)?
0
What is the remainder when 355 is divided by (-566)/(-30) - (64/(-480) + 2 + -2)?
13
Suppose 2*n = -13*n - 9*n + 960. What is the remainder when 154 is divided by n?
34
Let a(z) = z**3 + 4*z**2 - 7*z + 38. Let v be a(-6). Calculate the remainder when 35 is divided by (-47)/(-15) - v/60.
2
Suppose 28*d + 20*d + 9*d - 619875 = 0. What is the remainder when d is divided by 49?
46
Suppose -10*r = -35*r + 600. Let q = 115 + r. What is the remainder when q is divided by 13?
9
Suppose -3*n + 385 = 5*g, -2*n = 2*g - 6*n - 128. Let u be 11*14/2*2. Calculate the remainder when g is divided by (-2)/8 - u/(-8).
17
Let b = 108 + -51. Suppose -22*r = -21*r + b. Let i = r - -134. What is the remainder when i is divided by 8?
5
Let w(g) be the second derivative of g**5/20 + 5*g**4/4 - 5*g**2 - 11*g. Let i be w(-15). Let s = i - -20. What is the remainder when 28 is divided by s?
8
Let c(r) = 4*r**2 - 4*r - 10. Let x be 4 - (-5 - (0 - 4)). Let t be c(x). Let y = 129 - t. What is the remainder when y is divided by 30?
29
Suppose -4*c - 8 - 11 = -3*j, j + c - 18 = 0. Suppose 0*u - u = 5*l + 3, -3*l - 2*u - 6 = 0. Calculate the remainder when (l - -48)*6/12 is divided by j.
11
Let y(j) = -88*j - 710. Calculate the remainder when y(-9) is divided by 29.
24
Suppose -5*l - 72 = 19*l. Let f(v) = 13*v**2 - 26*v - 71. Calculate the remainder when f(l) is divided by 7.
5
Let u be (6 + (-68)/12)*12. Calculate the remainder when 226 - u/12*-3 is divided by 46.
43
Calculate the remainder when -8 - (4/(-70) + 1491002/(-1190)) is divided by 160.
125
Let o(z) = -z**2 - 22*z - 67. Suppose 5*c = 4*c + 4*x - 8, -2*c - x = 25. What is the remainder when o(c) is divided by 27?
26
Let d = -39 - -59. Suppose -5*b + 4*a = -3*b - 20, -2*b = 3*a - 6. Suppose -6*k + b = 3*s - k, -2*s - 3*k = -5. What is the remainder when d is divided by s?
6
Suppose 4*u + 6*x = 7*x + 275, 219 = 3*u - 5*x. Calculate the remainder when 1766 is divided by u.
66
Let r = 1327 + -1112. What is the remainder when 428 is divided by r?
213
Let h = 21 - -37. Let l(c) = c**2 + 28*c - 50. Let m be l(-35). Suppose -9*i + m = 4*i. Calculate the remainder when h is divided by i.
13
Let s = 2043 + -2015. Let l(j) = -j**3 + 8*j**2 - 6*j + 8. Calculate the remainder when l(5) is divided by s.
25
Let c = -2919 + 3203. What is the remainder when c is divided by 140?
4
Suppose -2*c = -5*f + 343 - 493, 420 = 5*c - 5*f. Calculate the remainder when 10079 is divided by c.
89
Let i = -6387 + 6413. What is the remainder when 2638 is divided by i?